d by 1331.
13
What is the remainder when 2729887 is divided by 784?
783
Calculate the remainder when 3513 is divided by 3502.
11
What is the remainder when 695818 is divided by 279?
271
Calculate the remainder when 2259 is divided by 257.
203
What is the remainder when 336 is divided by 31?
26
What is the remainder when 25886 is divided by 17?
12
Calculate the remainder when 2944 is divided by 920.
184
What is the remainder when 1711200 is divided by 855596?
8
What is the remainder when 28424 is divided by 37?
8
Calculate the remainder when 20438 is divided by 1074.
32
What is the remainder when 107351 is divided by 3972?
107
What is the remainder when 13089 is divided by 22?
21
What is the remainder when 12459 is divided by 2485?
34
Calculate the remainder when 45172 is divided by 15046.
34
Calculate the remainder when 1179 is divided by 10.
9
What is the remainder when 19745 is divided by 125?
120
Calculate the remainder when 62522 is divided by 2717.
31
What is the remainder when 61628 is divided by 32?
28
Calculate the remainder when 878 is divided by 218.
6
What is the remainder when 258313 is divided by 180?
13
Calculate the remainder when 1017 is divided by 603.
414
What is the remainder when 164440 is divided by 82?
30
Calculate the remainder when 3190 is divided by 37.
8
Calculate the remainder when 1745 is divided by 1699.
46
What is the remainder when 2629 is divided by 1314?
1
What is the remainder when 12853 is divided by 1187?
983
What is the remainder when 15917 is divided by 7?
6
What is the remainder when 21577 is divided by 975?
127
What is the remainder when 13503 is divided by 164?
55
Calculate the remainder when 300655 is divided by 3579.
19
What is the remainder when 9249 is divided by 194?
131
Calculate the remainder when 24950 is divided by 219.
203
What is the remainder when 17285 is divided by 153?
149
Calculate the remainder when 950 is divided by 24.
14
What is the remainder when 6545 is divided by 730?
705
Calculate the remainder when 2103 is divided by 2091.
12
Calculate the remainder when 540 is divided by 110.
100
Calculate the remainder when 816049 is divided by 5.
4
Calculate the remainder when 248 is divided by 151.
97
What is the remainder when 4173 is divided by 4158?
15
What is the remainder when 10652 is divided by 1216?
924
What is the remainder when 951 is divided by 50?
1
Calculate the remainder when 35020 is divided by 72.
28
What is the remainder when 7198 is divided by 90?
88
Calculate the remainder when 61494 is divided by 204.
90
Calculate the remainder when 22974 is divided by 232.
6
What is the remainder when 96854 is divided by 229?
216
Calculate the remainder when 90372 is divided by 90361.
11
What is the remainder when 12565 is divided by 99?
91
Calculate the remainder when 42942 is divided by 190.
2
Calculate the remainder when 238055 is divided by 74.
71
What is the remainder when 227 is divided by 146?
81
What is the remainder when 11424 is divided by 38?
24
Calculate the remainder when 276607 is divided by 39513.
16
Calculate the remainder when 15262 is divided by 288.
286
What is the remainder when 71 is divided by 16?
7
Calculate the remainder when 10642 is divided by 92.
62
Calculate the remainder when 534860 is divided by 701.
698
What is the remainder when 35707 is divided by 13?
9
What is the remainder when 6892 is divided by 62?
10
Calculate the remainder when 5518 is divided by 2266.
986
What is the remainder when 85003 is divided by 45?
43
What is the remainder when 718193 is divided by 20?
13
Calculate the remainder when 4393 is divided by 1455.
28
What is the remainder when 1765 is divided by 154?
71
What is the remainder when 2845 is divided by 2842?
3
Calculate the remainder when 5575 is divided by 28.
3
What is the remainder when 36499 is divided by 52?
47
What is the remainder when 17373 is divided by 2145?
213
What is the remainder when 5445 is divided by 906?
9
What is the remainder when 2926870 is divided by 1416?
1414
What is the remainder when 9559 is divided by 435?
424
Calculate the remainder when 13380 is divided by 235.
220
What is the remainder when 15875 is divided by 15844?
31
Calculate the remainder when 84328 is divided by 49.
48
Calculate the remainder when 45118 is divided by 11.
7
What is the remainder when 149056 is divided by 57?
1
Calculate the remainder when 3654 is divided by 1710.
234
What is the remainder when 33052 is divided by 560?
12
What is the remainder when 4400270 is divided by 275?
270
Calculate the remainder when 234045 is divided by 23.
20
Calculate the remainder when 25876 is divided by 238.
172
What is the remainder when 19121 is divided by 435?
416
Calculate the remainder when 1131 is divided by 198.
141
What is the remainder when 1766 is divided by 67?
24
What is the remainder when 750900 is divided by 742?
738
What is the remainder when 44768 is divided by 14839?
251
Calculate the remainder when 4547 is divided by 4521.
26
Calculate the remainder when 128 is divided by 107.
21
Calculate the remainder when 186301 is divided by 16.
13
What is the remainder when 1431 is divided by 1334?
97
Calculate the remainder when 126984 is divided by 386.
376
What is the remainder when 101948 is divided by 50968?
12
Calculate the remainder when 26662 is divided by 1298.
702
Calculate the remainder when 113794 is divided by 9.
7
Calculate the remainder when 3328 is divided by 93.
73
Calculate the remainder when 19646 is divided by 20.
6
Calculate the remainder when 24776 is divided by 57.
38
What is the remainder when 18687 is divided by 15?
12
Calculate the remainder when 1347480 is divided by 478.
476
Calculate the remainder when 104244 is divided by 26057.
16
Calculate the remainder when 52481 is divided by 16.
1
What is the remainder when 278179 is divided by 638?
11
Calculate the remainder when 1611 is divided by 592.
427
What is the remainder when 3149 is divided by 234?
107
What is the remainder when 4029 is divided by 11?
3
Calculate the remainder when 31418 is divided by 80.
58
What is the remainder when 200269 is divided by 1410?
49
What is the remainder when 1722 is divided by 174?
156
Calculate the remainder when 930 is divided by 770.
160
What is the remainder when 75934 is divided by 3613?
61
Calculate the remainder when 838 is divided by 47.
39
What is the remainder when 1156 is divided by 103?
23
Calculate the remainder when 74020 is divided by 97.
9
Calculate the remainder when 11471 is divided by 1630.
61
What is the remainder when 2635 is divided by 449?
390
Calculate the remainder when 17220 is divided by 69.
39
What is the remainder when 1407 is divided by 329?
91
What is the remainder when 465 is divided by 456?
9
What is the remainder when 384 is divided by 10?
4
Calculate the remainder when 10038 is divided by 1250.
38
Calculate the remainder when 35508 is divided by 67.
65
What is the remainder when 101858 is divided by 70?
8
Calculate the remainder when 12194 is divided by 6097.
0
Calculate the remainder when 9838674 is divided by 1883.
1882
What is the remainder when 8653 is divided by 1417?
151
What is the remainder when 100402 is divided by 36?
34
What is the remainder when 1806 is divided by 367?
338
Calculate the remainder when 1771 is divided by 295.
1
What is the remainder when 24332 is divided by 199?
54
Calculate the remainder when 584476 is divided by 159.
151
Calculate the remainder when 110606 is divided by 77.
34
Calculate the remainder when 5322 is divided by 950.
572
What is the remainder when 36699 is divided by 749?
747
Calculate the remainder when 501174 is divided by 501160.
14
What is the remainder when 1379 is divided by 713?
666
Calculate the remainder when 38622 is divided by 603.
30
Calculate the remainder when 199693 is divided by 24960.
13
Calculate the remainder when 900 is divided by 811.
89
What is the remainder when 99586 is divided by 287?
284
Calculate the remainder when 19030 is divided by 796.
722
What is the remainder when 38219 is divided by 98?
97
What is the remainder when 18292 is divided by 9050?
192
Calculate the remainder when 23396 is divided by 50.
46
Calculate the remainder when 359212 is divided by 10.
2
What is the remainder when 12246 is divided by 37?
36
Calculate the rem